**2 - q**3 - 1 - 10*q**2 + 14*q - 3. Let s be k(-10). Calculate the greatest common divisor of 8 and s.
8
Let t = -25 + 55. What is the highest common divisor of 330 and t?
30
Let o be 2 + -3 + 1/((-3)/(-192)). What is the greatest common factor of o and 42?
21
Suppose -5*v = -0*o - 2*o + 33, -4*o = 4*v - 24. What is the highest common divisor of o and 18?
9
Suppose 2*j - 14 = -5*d, -1 = -3*j + 4*d - 3. Suppose -20 = 5*t, 176 = 2*p - j*t + 3*t. What is the greatest common factor of 36 and p?
18
Let a(d) = 8*d**3 + 5*d**2 - 5*d + 6. Let y be a(3). What is the greatest common factor of 36 and y?
36
Let w = -165 + 168. Calculate the highest common divisor of w and 93.
3
Suppose -4*f + 6*f = 26. What is the highest common divisor of f and 130?
13
Let u(z) be the first derivative of -z**3/3 - 6*z**2 - 7*z - 4. Let q be u(-10). Let x be 1 - 3*(-12)/3. Calculate the highest common divisor of x and q.
13
Let s(y) = y - 11. Let j be s(10). Let h be (-4)/8*(j - -1). Suppose h = 5*r - 3*r - 72. Calculate the greatest common divisor of r and 12.
12
Let d be (3/(-9)*0)/2. Suppose -t + 4*m - 15 = d, -3*m + 3 = -5*t - m. Suppose a = -r - 0*a + t, 3*a = -15. Calculate the greatest common divisor of 48 and r.
6
Let o = 69 - 27. Suppose -98 = -4*z + 14. Calculate the greatest common factor of z and o.
14
Let l be 12/(10/(-4) - -1). Let b be 4 - (-2 - l) - -15. Calculate the highest common factor of 91 and b.
13
Suppose 0 = 4*u - 25 - 51. Calculate the highest common divisor of u and 133.
19
Let m(h) = -h**3 + 16. Let v be m(0). Suppose 3*w = -71 + 455. Calculate the greatest common factor of w and v.
16
Suppose -13*l = -376 - 1. Calculate the greatest common divisor of l and 87.
29
Let w = 67 + -58. Let o(m) = -m**2 + 8*m - 3. Let s be o(6). Calculate the greatest common factor of s and w.
9
Let l = -4 - -7. Suppose -2*m + l*n + 2 = -3, -5*m = 3*n - 65. Suppose m = y - 54. What is the highest common factor of 16 and y?
16
Let r = 0 - -2. Suppose -2 = -r*b + s - 10, b + s = -1. Let w = b - -9. Calculate the greatest common divisor of 9 and w.
3
Suppose -m = 7*w - 2*w - 200, 4*w - m = 160. Calculate the greatest common divisor of 5 and w.
5
Suppose 0 = -3*j + 4*f - 5, 3*f - 4 = -2*j + 2*f. Let y = 5 + -1. Let i(p) = p + 4. Let o be i(y). What is the highest common divisor of j and o?
1
Let x be -5 + 4 - (0 - 0). Let c(q) = 10*q**2 - q. Let u be c(x). Let l be 1/5 + (-162)/(-15). What is the greatest common divisor of u and l?
11
Let k be (-2)/(6/15*-1). Suppose -k*p + 32 = -3*p. Let o be 2/3 - 44/(-6). Calculate the greatest common factor of p and o.
8
Suppose -3*g + 50 = 2*v - 6*g, 2*g + 27 = v. What is the greatest common divisor of 152 and v?
19
Let r be (0 + -6)/((-9)/48). Let d be 2 + (-1 - (-2 - r)). Calculate the highest common divisor of 5 and d.
5
Let i = -90 + 103. Calculate the greatest common factor of 169 and i.
13
Suppose -5*g - 3*p + 211 = 0, g - 4*p + 76 = 3*g. Suppose -a = -3*a - 5*s + 8, 0 = -5*a - 5*s + 20. Calculate the highest common factor of a and g.
4
Let q be ((-3)/1 - 0) + 27. What is the highest common divisor of q and 8?
8
Let t = -18 - -17. Let i be (-2 + t)/((-3)/18). What is the highest common factor of i and 27?
9
Suppose 4*x = -x + 10. Let b be (-2 + x)/(-4) - -20. What is the highest common factor of 80 and b?
20
Let g(s) = -8*s - 1. Let a be g(-7). Calculate the greatest common factor of a and 5.
5
Suppose -2*n = -3 - 7. What is the highest common divisor of n and 20?
5
Let f = -4 - -13. Suppose 5*y - f = -4*d + 4, 2*d - 4*y = 0. Suppose 40 = -d*m + 144. Calculate the greatest common factor of 13 and m.
13
Suppose 2*s - 2 = s. Suppose -15*q + 22*q = 14. Calculate the highest common divisor of s and q.
2
Let x(m) = -5*m + 1. Let v be x(-1). Let q(u) = u**3 - 5*u**2 - 10*u + 2. Let f be q(7). What is the highest common factor of v and f?
6
Suppose 4*o = 3*s - o - 88, 0 = -5*s - 4*o + 122. Let u = s + 14. Calculate the greatest common divisor of u and 4.
4
Let s = 20 + -8. Suppose 4*k + 24 = o, 2*k + 4 - s = 0. Calculate the highest common divisor of o and 16.
8
Suppose -2*j = -0*j - 4. Let o(m) = 3*m - 6. Let t be o(3). Let u = t + 7. What is the highest common factor of j and u?
2
Suppose -3*b = -5*b + 3*j + 1, 4*j = 4*b - 12. Calculate the greatest common factor of 2 and b.
2
Let u(q) = 8*q**2 - 4*q + 4. Let g = 11 + -8. Suppose -2*i + i + g = 0. Let p be u(i). Calculate the highest common divisor of p and 8.
8
Let a = -99 - -148. Let r be 2*(-1)/(-2)*a. Suppose 0 = -4*o + o + 21. Calculate the greatest common factor of r and o.
7
Let g be (8/(0 + 2))/(6 - 4). Calculate the greatest common factor of g and 1.
1
Let p(m) = -m**2. Let i(x) = -x**2 - 10*x - 7. Let f(l) = -i(l) + 2*p(l). Let o be f(8). What is the highest common factor of o and 253?
23
Let z = 8 + -3. Suppose 3 = -4*b + i, -5*b + z = i - 4*i. Let t(n) = -13*n + 2. Let w be t(b). What is the highest common divisor of w and 70?
14
Suppose 326 = 5*o + 4*s + 51, 220 = 4*o - 3*s. Let j(t) = -9*t + 74. Let m be j(7). What is the highest common divisor of o and m?
11
Let p(x) = 4*x - 3. Let c be p(3). What is the greatest common factor of c and 99?
9
Let a(w) = -w**2 - 7*w - 3. Let d be a(-5). What is the greatest common factor of 1 and d?
1
Let c be (-2 - -3)/((-6)/(-42)). Let a(s) = -s**3 + 7*s**2 + s - 5. Let z be a(c). What is the highest common factor of z and 16?
2
Let n be (18/5)/(3/70). Suppose -v + 49 = 4*s, -2*s + 51 = 2*s + 3*v. Calculate the greatest common divisor of n and s.
12
Let j = 67 + -11. Calculate the highest common divisor of 28 and j.
28
Suppose 2*v + 44 = 2*u - 26, -u + 55 = -5*v. Suppose 0 = 2*w - 4*w + u. Calculate the highest common divisor of 10 and w.
5
Suppose 111 = 3*d - 141. Let p be (d/(-8))/7*-12. Calculate the highest common factor of 27 and p.
9
Let x be 54*(2 - 2/3). What is the highest common factor of x and 9?
9
Suppose -5*q - 19 + 4 = 0. Let p = q + 13. What is the highest common divisor of 15 and p?
5
Let i be 19 + -1 - (-5 - -8). Suppose 0 = 5*k - 52 + 2. Calculate the greatest common factor of i and k.
5
Suppose 5*g - 3 = 3*d, 40 = 4*g + 4*d + 12. Suppose 0 = -g*i + 7 + 17. Calculate the greatest common factor of 56 and i.
8
Let a = -8 - -21. Calculate the highest common divisor of 13 and a.
13
Let d be 39 - 6/(5 + 1). What is the greatest common factor of 133 and d?
19
Let o(w) = 129*w - 5. Let k be o(2). What is the greatest common factor of k and 23?
23
Let n(p) = 3*p + 1. Let i = 1 + 1. Suppose o = 2*s - o + i, 3*s - 17 = -o. Let r be n(s). What is the greatest common factor of 117 and r?
13
Let t(n) = 6*n**3 + 30*n**3 - 8*n**3 + 13*n**3 - n**2. Let a be t(1). Calculate the greatest common divisor of 5 and a.
5
Suppose 4*u + 0*u + 5*i = 81, -3*u - 5*i + 67 = 0. Calculate the greatest common factor of 42 and u.
14
Let k(h) = h**2 - 11*h + 17. Let z be k(15). Calculate the highest common divisor of 11 and z.
11
Let z(d) = -4*d. Let q be z(1). Let h(b) = -8*b - 6. Let y be h(q). Calculate the greatest common divisor of 39 and y.
13
Suppose 0 = 6*x - 3*x + 12, 20 = 3*l - 5*x. Suppose 0*w + 3*w - 45 = l. Let o(a) = 19*a + 6. Let d be o(6). What is the highest common factor of w and d?
15
Suppose 3*d = -x + 62, -3*x + 4*x - 2*d - 52 = 0. Calculate the greatest common divisor of 7 and x.
7
Let m = -12 - -14. What is the highest common factor of m and 8?
2
Let l be ((-112)/6)/((-4)/30). Let d = 54 - 34. What is the highest common factor of d and l?
20
Let r be 4/10 + 6415/25. Suppose 4*p - 961 + r = 0. What is the highest common divisor of 22 and p?
22
Suppose 0 = -4*a + 20. Let n be (24/15)/(1/a). What is the highest common factor of 4 and n?
4
Let g = -119 + 123. Let n be (-108)/15*(-5 + 0). Calculate the highest common divisor of g and n.
4
Suppose -960 = -o - 4*o. Suppose -r - o = -5*r. What is the greatest common factor of r and 16?
16
Let q be 0 - (87/(-9) + 2/3). Let c = -11 + 29. Calculate the greatest common factor of q and c.
9
Let m(l) = l**2 + 7*l + 2. Let u be m(-7). Let a(g) = g**2 + 1. Let d be a(-1). Calculate the highest common divisor of d and u.
2
Let n(s) be the first derivative of -s**3/3 - 3*s**2 + s - 1. Let i be n(-7). Let l be -2*(-3)/i*-2. What is the highest common factor of 4 and l?
2
Suppose 0 = 3*p -